at is the value of -23 + -57 - (1 + -11) - (14 + 11 + -15)?
-80
What is -3 - (-8 - -19) - (4 - -60)?
-78
(279 - 299) + (-7 + 1 - -66)
40
Calculate (-1280 - -1164) + (4 - -57).
-55
What is the value of 3943 + -3915 - (-1 + -2 + 14)?
17
Calculate -2 + 16 + -4 - (-43 + 26).
27
What is 0 + 73 + (-40 - -52) + 10 + -16?
79
Evaluate (-59 - (120 + -94)) + 2.
-83
Evaluate 97 + (35 + -18 - (23 - -12)).
79
Evaluate -20 - (-3 + -28 + -11 + 55).
-33
Evaluate 2 + -43 - (-4 + -21 - -40).
-56
What is (-69 - (-12 - -10)) + (-12 - -13 - -13) + -11?
-64
Evaluate (6 - 43) + 27 + -6 + 5.
-11
Calculate (24 + 2 - 15 - (-1 + 3)) + -64.
-55
Evaluate 22 - (32 + -31 - 3) - -38.
62
What is the value of -14 + -4 + 1 + (30 - 31)?
-18
-19 - (3 - (-56 - -26 - -1))
-51
What is the value of -37 - ((104 - 48) + -57)?
-36
What is the value of (38 + 5 - 74) + 16?
-15
Evaluate -21 - (-9 + 10) - (6 + -7 - -16) - 4.
-41
Calculate 77 + (16 - (-5 - -34)).
64
Calculate 1 + 2 + -49 + 0 + -4 + 6 + -3.
-47
What is (2 - (4 + 26 - 9)) + 7?
-12
What is (26 - 20) + 46 - 60?
-8
Calculate 0 - 77 - (-18 - (-6 - 2 - (431 + -420))).
-78
Evaluate (71 + -90 - -10) + 1 + 52.
44
What is the value of -7 + 29 + -44 + -17 + 10?
-29
What is the value of 12 - ((-1 + -1 - -28) + -76 + 76)?
-14
Evaluate -9 + (-4 - (0 + -1 - (-2 - 8))).
-22
Evaluate ((1 - -1) + -1 - 18) + (185 - 197).
-29
What is the value of (35 - 46 - (-31 - -8)) + 1 + -46?
-33
Calculate 126 + -206 - (-49 + 8).
-39
(-12 - 78) + (-1035 - -1215)
90
What is the value of -8 + 9 + (-2 - -2) + (-27 - 12 - 31)?
-69
What is (15 - 6) + -6 + (105 - 85)?
23
What is the value of (53 - (42 - 5)) + -4?
12
Calculate -50 + (-66 + 146 - 20) - (-115 - (0 - 0)).
125
25 - 2 - ((212 - -82) + -179)
-92
5 + 1 + (3 + (5 - 9) - (63 - -1))
-59
-65 + 83 + -52 + -11
-45
-6 - (-25 + -3 + (-49 - (-3 + -46)))
22
83 - (9 + -5) - ((-41 - 40) + 62)
98
What is 5 - -14 - (168 - 175)?
26
What is the value of -3 + 11 + (-3 - -6 - (6 + (-30 - 0)))?
35
What is (-3 - 55) + (-7 - 4) + 34?
-35
Evaluate 0 + 1 + -46 + (-90 - -122) + (13 - 0).
0
Evaluate -53 + 65 - ((93 - 104) + 78 + 2).
-57
(-3 + 0 - -1 - (-101 + -1)) + (-7225 - -7219)
94
Evaluate 6 + (-10 - -29 - 17) + -2.
6
Evaluate -128 + (27 - -6) + 90 + -100.
-105
What is the value of (20 + -6 - (6 + 8 + -7)) + (-56 - -17)?
-32
What is the value of -48 - (7 + 4 + -36) - -95?
72
What is (-20 - -28) + 14 + (39 - 8)?
53
Evaluate 3 + (19 - 13 - (9 - (-2 - -15))).
13
-5 + 2 + -7 + 33 - -61
84
-19 + -16 - (17 + -1 + 8 + -10)
-49
Calculate (-463 - -450) + 75 + -7.
55
-84 - ((-44 - -23) + -17)
-46
What is the value of 82 + (-18 - (-2 - 18)) + 15 + 6?
105
What is the value of (-17 + 41 + (-24 - -9) - 13) + -84?
-88
What is the value of (92 - (203 + -42)) + 80?
11
What is 2 - (23 - -3) - (-98 - -89 - (-11 + 1))?
-25
What is the value of (22 - 74 - 62) + 49?
-65
-4 + (1 - -5) + -13 - (-29 - -32)
-14
Calculate 6 + -2 + -6 - (-7 - (11 + -6)).
10
What is (14 - -1) + (-392 + 395 - (3 + 52))?
-37
Calculate (19 - 8) + 5 + -84 + 20 + -11.
-59
Evaluate -2785 + 2747 + 28 + 0 + (0 - 13).
-23
What is the value of 256 + -243 + (1 - 70) + 7 + 0?
-49
(32 - -16) + 63 + (-26 - 1)
84
Evaluate 10 + (1 - -3 - -5) + -15 + 13 + -1.
16
What is 114 + (59 - (-44 + (81 - 8)))?
144
What is -3 - -242 - (-172 - -284)?
127
Evaluate -1 + 17 - (2355 - 2356).
17
What is the value of (-13 - -1 - (-1 + 5 + -7)) + 1 + 28?
20
Calculate -36 + 36 + (-42 - 3).
-45
Calculate 69 + -59 + (-4 + 5 - (36 - -4)).
-29
21 + -11 + -11 + -7 + -37
-45
Evaluate 2 + 2 - -4 - (-7 - (25 + 3)).
43
What is the value of 0 + 29 + (166 - 203)?
-8
Evaluate 24 - -6 - (87 - 17 - -9).
-49
(-3 - 28 - -23) + 16 + -7
1
Evaluate (2 - 75 - -3) + 32 + -10.
-48
Calculate -1 + (20 - 0 - (-71 - -130)).
-40
(-19 + (-4 - -14) - (12 - 17)) + 36 + 1
33
(-3 - 48) + (219 - 212 - (5 + -1 - -9))
-57
Evaluate 5 - (130 - (26 + 33 + -43)).
-109
What is -43 + (23 + 6 - (7 - -4))?
-25
What is the value of -7 - (3 + -3) - (1 - 9) - (-121 + 68)?
54
What is the value of -40 + -21 + (32 - 0)?
-29
What is 3 + -29 - (-15 + 43 + 3 + -20)?
-37
What is the value of -93 + 8 + (693 - 654)?
-46
Evaluate -1 + -18 - (16 + -209 + 207).
-33
Evaluate 69 - (14 + -23 + -1 + 21).
58
Evaluate -6 + -14 + (-16 - ((11 - 14) + 45)).
-78
What is the value of 73 - 30 - 114 - (3 - (2 + -3 + 2))?
-73
What is -13 - (-120 + 211 + -94)?
-10
(10 - 0 - (11 - 8) - -29) + (72 - 77)
31
Evaluate 20 + (-23 - (-25 + -15)) - 25 - -22.
34
Evaluate 4 + (-29 + 106 - 66).
15
Evaluate -12 + (2 - 26) + (-81 - -35).
-82
What is the value of 7 - (-6 - (-6 - (0 - 9) - 6))?
10
What is the value of (-4 + (36 - 15) + -22 - -4) + 19?
18
What is the value of (-8 - (18 + -32)) + 8 + -11 + 51?
54
What is the value of 48 + (-12 - -88) - 82?
42
What is 10007 + -10042 - (-68 - 0)?
33
Calculate 4 - (15 + -10 + 6 - 9) - (-5 - 3).
10
Calculate (104 - 63) + 0 + -72.
-31
Evaluate -10 + -19 + -2 + (-356 - -487).
100
Calculate -4 - 2 - (-23 + (21 - 16) + 93).
-81
Evaluate 53 + -12 - (541 + -615).
115
What is the value of 15 - (24 + 17 - 21)?
-5
133 + -150 - (-1 - 8) - 60 - 10
-78
2 + -13 - -80 - (-179 + 211)
37
What is the value of -25 + (19 - (-17 + 19 + -16)) + -83?
-75
What is the value of (4452 - 4458) + (-44 - -1)?
-49
What is -31 + (-2 - -10 - -30)?
7
Calculate (-3 + -2 - -24) + (34 - (28 + 11)).
14
What is -50 + 21 + 48 + 19?
38
Evaluate 283 - (101 - -200 - 158).
140
-34 + -71 + 3 - -79
-23
Evaluate -29 - (0 + -19 + -3 + -53).
46
What is the value of -14 + (-21 - 0 - (-89 + 44)) + 28 + 2?
40
What is the value of -1 + (-18 - (-19 - -6 - -1) - -3) + 30?
26
What is the value of 0 + 11 + -5 + 1 + 0 - 51?
-44
What is (-94 - -66) + 3 + -7 + 0?
-32
What is (53 - (-40 - -48)) + 0 + 7?
52
Evaluate 0 + 2 + 14 + -16 + (8 - -4 - 4).
8
(-17 - 60) + (163 - 113)
-27
Calculate -1146 + 1063 - (1 + -13).
-71
Calculate -35 - (4 - 10) - (13 - 17).
-25
What is 82 + 3 + (13 - 20) + 10 + -12 + -2?
74
Evaluate 43 + (20 - -3) + 199 + -241.
24
What is the value of (2842 - 2911) + (2 + 1 - -19)?
-47
Calculate (-20 + 55 - -11) + -24 - 78.
-56
What is the value of -17 - (-32 - (13 + -64) - -53)?
-89
What is -99 + (142 - 33 - 38)?
-28
(-6 - -2) + -8 + (32 - -31)
51
Evaluate (-33 - (51 - 41)) + 72.
29
(-26 - 14) + 40 - (1 + -8) - 47
-40
(0 - 4 - -5) + 25 + 41 + -52
15
Evaluate 5 - 2 - (-93 - -92 - -9).
-5
What is (1 - 24) + (-13015 - -12943)?
-95
-6 - ((-36 - 38) + 40)
28
What is the value of 28 + -28 + (8 - 9) + -1 + 60 + 2?
60
What is 14 + -4 + (-16 - -20 - -8)?
22
-11 - -3 - -35 - 8 - -81
100
Evaluate -64 + 79 + (-20 - 16).
-21
Evaluate -22 - ((19 - (7 - 9 - -11)) + -1).
-31
Calculate 398 + -421 - (0 - (38 + 3)).
18
What is the value of -6 + -1 + (-40 - -31) + 15?
-1
What is the value of 3 - (-1 - (-4 - 1)) - (-303 - -386)?
-84
Calculate -169 - (72 - (95 + 17)).
-129
What is -29 + (17 - (-19 - -37)) + -17?
-47
Calculate 3 + 68 + -27 + 63 - 12.
95
Evaluate -32 + 28 + 23 - 14.
5
Evaluate (-2 - -10) + (-11 + (9 - (2 - 10)) - -14).
28
Calculate (-31 - (36 + -55)) + -35.
-47
Evaluate (60 - 83) + (-6 - 16) + -30.
-75
What is -101 + (-95 - -176) - -64?
44
-6 + 2 + (-9 + -12 + 9 - (-53 - -81))
-44
Calculate (5 - 6 - -1) + 121 + -119 - 11 - 112.
-121
What is the value of -1522 + 1443 + (81 - 0)?
2
Calculate -155 - (-19 + (39 - (40 - -9))).
-126
Calculate (225 - 148) + -74 - (3 + 2).
-2
What is (-1 - 26) + 52 + -74 + -4?
-53
-36 + -24 + 10 + 40
-10
What is (0 - 5) + -32 - -52?
15
What is -23 + 42 + -63 - -39?
-5
What is 89 - (-5 + (-4 - -11 - -13) + -2 - 10)?
86
Calculate (-11 - -5 - -3) + -6 - -2.
-7
Evaluate 8 + (4 - 5) + 0 - 29.
-22
Calculate -9 + (-15 + -23 - (-26 + -4)).
-17
What is the value of -43 - ((32 - (52 + 20)) + -2)?
-1
Calculate (-5 - (33 + 19 + -53 + -9 + 0)) + -56.
-51
Evaluate -4 + -8 - 11 - 12 - -8 - 12.
-39
Evaluate 4 + (9 - (18 + 18 + (-23 - -16)) - -4).
-12
(0 - -47) + -359 + 333 + -4
17
Calculate -5 + 85 - (-11 - (22 + -57)).
56
What is the value of (24 + -11 + -28 - -19) + -50 + 1?
-45
What is 119 - (56 + -179 - -260)?
-18
Calculate (51 - (43 + -41)) + -7 + (1 - (-4 + 1)).
46
Calculate -6 + -25 + 94 + -21 + 10.
52
What is the value of (-20 + 1 - 2) + (693 - 708)?
-36
What is 14 + -30 - (-11 - (-14 + -4))?
-23
What is the value of 41 + -10 - (-51 - (-61 + 9))?
30
Evaluate 33 - (-2 + -19 + 8).
